*p + 0*p + 30 = s. What are the prime factors of p?
2, 3
Let p be ((-44)/12 + 3)*6. What are the prime factors of p/18 - 4784/(-144)?
3, 11
Let z(p) be the first derivative of p**4/12 + p**3 - 11*p**2/2 - 2*p - 2. Let a(w) be the first derivative of z(w). List the prime factors of a(-8).
5
Suppose -50 = -3*y + 10. Suppose 0 = -3*i + 12, -y = -4*o - 3*i. List the prime factors of 40/4 + 1*o.
2, 3
Suppose -5*m - 5*p + 245 = 0, 4*m = -m + 5*p + 255. What are the prime factors of m?
2, 5
Let f = -1 - -36. What are the prime factors of f?
5, 7
Let y(z) = z**3 - z**2 - z + 106. What are the prime factors of y(0)?
2, 53
Suppose -i = 5, -16 - 7 = -3*w + i. Let f(a) = a + 12. Let p be f(-9). Let s = p + w. What are the prime factors of s?
3
Suppose 0 = 4*u + 2*x + 30, 4*u - 4*x + 7 = -17. Let m be u/14 + 14/4. Suppose -m*j = 2*j - 2*p - 78, -2*p - 14 = -j. What are the prime factors of j?
2
Suppose -3*d + 10 = 2*d. Suppose d*t = 5*t - 9. Suppose 13 = 3*v - i + t, v = -3*i + 10. What are the prime factors of v?
2
Let m = -2 - -6. Let u be (-6)/(-12) + 218/m. Suppose -3*l + 3*i + 51 = 0, -5*i = -3*l - 3*i + u. List the prime factors of l.
3, 7
Let q(a) = 3*a + 0 - 2 - 2*a + a**2. Let l be q(0). What are the prime factors of 2/4 + (-13)/l?
7
Suppose 13 = -3*t + 28. Suppose 54 = 3*q + q + 2*p, -2*q = -t*p + 3. List the prime factors of q.
11
List the prime factors of 3/(-5)*(-35 + 10).
3, 5
Suppose -61 = -2*q - 19. Suppose 3*d = -4*i + q, 3*i - i = 0. What are the prime factors of d?
7
Let s(i) = -5 + 2 - 3*i**2 + 4*i + 0. Let p be s(2). Let m(g) = g**3 + 7*g**2 - 2*g + 6. List the prime factors of m(p).
2, 5
Suppose u + u = 32. Suppose 2*o + 2*o = u. Suppose 0 = 2*l - 3*l + o. What are the prime factors of l?
2
Let i be 2 - (4 - (-3)/(-3)). Let u(n) = n**2 - 1. Let v be u(i). Suppose z - d - 1 - 3 = v, 4*z - d - 13 = 0. What are the prime factors of z?
3
Let l be (-1)/5 + 63/15. Suppose 2*g - 207 = -5*d - 2*g, -223 = -5*d + l*g. What are the prime factors of d?
43
Suppose -4*a + 40 = -3*w, 0 = -0*a + a - w - 11. What are the prime factors of a?
7
Let n be (-4)/10 - (-6)/(-10). Let w = 6 - n. What are the prime factors of w?
7
Let m = -44 + 63. What are the prime factors of m?
19
Suppose 352 = 3*m + m. List the prime factors of m.
2, 11
Suppose -4*t = 2*r - t - 96, 92 = 2*r + 4*t. List the prime factors of r.
2, 3
List the prime factors of 27/(-18) + (-141)/(-6).
2, 11
Suppose -21 = 3*l - 0*l. Let w = -5 - l. Suppose -3*n + w = -22. What are the prime factors of n?
2
Let v(p) = p**3 + 4*p**2 + p. Let t be v(-4). Let o = -4 - t. Suppose -3*z - 4*d = -63, -4*d = -o*z - z + 5. List the prime factors of z.
17
Suppose 0*u = -5*u + 4*w + 126, -5*u + w + 114 = 0. Let v = -11 + u. Let x = v - -3. What are the prime factors of x?
2, 7
Suppose 0*p + 2*p = -14. Suppose 0*q - 2*q + 10 = 0. Let d = q - p. List the prime factors of d.
2, 3
Let m(p) be the third derivative of p**4/8 - p**3 + p**2. Let b(u) = -5*u + 12. Let s(f) = -4*b(f) - 7*m(f). List the prime factors of s(-8).
2
Let i = -1 - -3. Suppose -t - g + i + 23 = 0, -2*g = 4*t - 96. List the prime factors of t.
23
Suppose 0 = 3*b - 12, -t + 8 = -4*b - 0*b. List the prime factors of t.
2, 3
Suppose a = m + 138, 6*m - 156 = -a + m. What are the prime factors of a?
3, 47
Let r(j) = 3*j - 5. Let o(u) = -6*u - 1. Let l = -2 + 1. Let m be o(l). List the prime factors of r(m).
2, 5
Let z(w) = w**2 + 5*w - 2. Let t be z(-6). Suppose i = -2, -t*n - 39 + 137 = -i. List the prime factors of n.
2, 3
Let z = 3 + 0. Suppose 0 = -4*l - z*f + 149, 0 = -5*l - 2*f - 0*f + 188. List the prime factors of l.
2, 19
Let g(c) = -15*c - 28. What are the prime factors of g(-9)?
107
Let w(v) = -74*v - 3. What are the prime factors of w(-1)?
71
Suppose 0 = -5*z + 3*i + 40 + 84, 60 = 3*z + 3*i. What are the prime factors of z?
23
Suppose l + 3*o - 40 = 0, l + 0*o - 20 = o. Suppose -d = 3*b - l, 2*b + 3*d = -3*b + 47. What are the prime factors of b?
7
Let v = 11 - -6. List the prime factors of v.
17
Let w(r) = -5*r**3 + 2*r**2 - 1. Let i be w(-1). Let x be (1 - 1) + (-3)/(-3). Let s = i - x. What are the prime factors of s?
5
Suppose -5*x = -4*w - x + 176, 0 = 2*x. Suppose -z - w = z. List the prime factors of z/4*10/(-5).
11
Let b be 6/(-27) - (-114)/27. Let a(j) = -b - j + 4*j - j. What are the prime factors of a(5)?
2, 3
Suppose -q - 1 = -30. What are the prime factors of q?
29
Let w = 154 - 63. What are the prime factors of w?
7, 13
Suppose 4*v + 19 = -5*i, 0 = v - 3*v - 3*i - 9. Let n be 4*5 - (3 + v). Suppose -n = -5*b - 3. List the prime factors of b.
2
Let b(g) = -20*g**3 - 2*g**2 - 2*g - 1. Let u be b(-1). Let t be u/7 - (-4)/14. Suppose -2*m = 3 + 1, 2*m + 46 = t*f. What are the prime factors of f?
2, 7
Let n(u) = 6*u - 1. Let y be 3/(-1 + 1 - 1). Let x = y - -4. What are the prime factors of n(x)?
5
Let m = 7 + -7. Suppose -5*t - 4*f + 10 = m, f + f - 14 = -4*t. What are the prime factors of t?
2, 3
Suppose 0 = 2*d + 5*k - 77, 59 = 5*d + 2*k - 123. What are the prime factors of d?
2, 3
Let o be 1/3 - 131/(-3). Suppose -2*p + 10 = -3*s + s, 0 = 4*p + 2*s - o. List the prime factors of p.
3
List the prime factors of -3 - ((-8)/(-2) - 17).
2, 5
Let j = -7 - -157. List the prime factors of j/9 - 4/6.
2
Let d(r) = -r**3 - 3*r**2 - 2*r - 3. Let u be d(-2). Let z = u + 8. List the prime factors of z.
5
Let z(w) = -2*w - 5. Let y be z(5). Let u = -5 - y. List the prime factors of u.
2, 5
Let a be 3 + -2*2/4. Suppose -a*v + v + 12 = 0. What are the prime factors of v?
2, 3
Let p = 25 + 9. List the prime factors of 2/5*(6 + p).
2
Let q(d) = -7*d + 2. List the prime factors of q(-2).
2
Suppose -403 = -6*l + 29. What are the prime factors of l?
2, 3
Suppose 2*d + 4 = 5*c - 6, -15 = -3*d. Suppose -u = 2*w - 34, -3*u - 5*w + c*w + 127 = 0. What are the prime factors of u?
2, 11
Let f(z) = z**3 - 6*z**2 - 3*z + 9. Let b be f(6). Let i = -4 - b. List the prime factors of i.
5
Suppose -2*t + 8 = 2. Suppose 2*z = 2, t*x - 11 = 7*x + 5*z. What are the prime factors of -2 - -2 - 1 - x?
3
Suppose -3*p = -p - 4. Suppose -p*k = -5*k. Suppose 4*i = -k*l + 2*l + 38, -3*l = 3. What are the prime factors of i?
3
Let n(j) = -j**3 - 6*j**2 - j - 5. Let w be n(-5). Let x = -7 - w. What are the prime factors of x?
2, 3
Let g(x) = -2*x - 4. Let m(t) = t**3 - 10*t**2 + 7*t + 12. Let n be m(9). List the prime factors of g(n).
2
Let t(m) be the first derivative of m**3/3 - m**2 - 8*m - 1. List the prime factors of t(-4).
2
Let r be (9/6)/(6/8). Suppose 54 - r = 4*o. Suppose o = 3*a - 29. List the prime factors of a.
2, 7
Let j = -32 - -45. Let a = 9 - j. Let x = 8 + a. List the prime factors of x.
2
Suppose 4*g = 4 + 8. Let n = 3 - -13. List the prime factors of (-1 + 2)*(n + g).
19
Suppose -2*h = -0*h - 132. What are the prime factors of h?
2, 3, 11
What are the prime factors of 1/(3/66 + 0)?
2, 11
Let b(v) = -168*v**3 - 1. List the prime factors of b(-1).
167
Suppose 0 = -j - j. Suppose -4*l - l = j. What are the prime factors of l/(-1) + (0 - -2)?
2
Let p(g) = 0 + 0*g + g - 2*g + 1. List the prime factors of p(-6).
7
List the prime factors of (-3)/(-18) + (-142)/(-12).
2, 3
Let x be -71*(0/1 + 1). Let g = x - -39. What are the prime factors of (-2)/(g/(-18) - 2)?
3
Suppose 2*q = -2*d + 90, -22 = -2*q - 5*d + 83. List the prime factors of q.
2, 5
Let x(a) = -a**2 + 0 + 2*a**3 + 4 - 6 + a. Suppose 3*l = -2*l - 25, -l - 9 = -2*t. What are the prime factors of x(t)?
2, 3
Suppose c - 3*c + 12 = 0. Suppose -2*z + c = z. Suppose -z*h - 2*h = -20. What are the prime factors of h?
5
Let a be ((-8)/10)/((-2)/10). Let r be (-4)/(16/10 + -2). Suppose -j + r = a*j. List the prime factors of j.
2
Suppose -2*t + 5 = -5*v + 25, 2*t = -3*v + 28. List the prime factors of v/(-48) - 706/(-16).
2, 11
Suppose 204 = -h + 5*h. Suppose 0 = 5*d - 34 - h. List the prime factors of d.
17
Let r(k) = -k**3 - 6*k**2 - 6*k - 3. Let i be r(-5). Let j be (0/(-2) - 0) + i. List the prime factors of 7 + ((-4)/j - -1).
2, 3
What are the prime factors of 38/57 + 88/3?
2, 3, 5
Let c(b) = 29*b + 6. What are the prime factors of c(3)?
3, 31
Let w = 2 - -8. Suppose -2*m + w = -m. List the prime factors of (6/(-5) - -2)*m.
2
Suppose 5*z = 15, 4*f - 5*f - 8 = -4*z. Suppose 1 = -f*r + 13. List the